= -7*d - 29. Suppose 4*h + 12 = -98*n + 94*n, -h + 4*n = 3. Give p(h).
-8
Let o(i) be the second derivative of -i**4/6 - i**3/6 + i**2/2 + 4*i. Suppose -1 = 5*a + 3*j, -31*a = -34*a - 3*j + 3. Give o(a).
-5
Let d = 204 + -151. Suppose -d*s + 54 = -26*s. Let l(c) = c**3 - 2*c**2 + 2*c + 1. Determine l(s).
5
Let s(k) be the second derivative of k**4/12 + 2*k**3/3 + 3*k**2/2 + 34*k. Let b = 85 + -88. Give s(b).
0
Let g(t) = 7439*t + 1 + 7437*t - 14873*t. Give g(-2).
-5
Let q(r) = -3*r**2 - 19*r + 2. Let g be q(-6). Let v(s) = 3*s - 20. Let o be v(g). Let x(j) = 5*j + 3. Calculate x(o).
23
Let c(m) = -m**3 - 4*m**2 + 2*m - 6. Let g(n) = 2*n**2 + 28*n + 62. Let s be g(-3). Determine c(s).
-14
Suppose 42 = 3*p + 21. Suppose -76 = p*i - 27. Let v(y) be the second derivative of -y**3/6 + 2*y**2 - y. Give v(i).
11
Let p(h) be the third derivative of h**7/5040 + h**6/720 + h**5/15 - h**4/3 + 42*h**2. Let r(m) be the third derivative of p(m). Give r(4).
5
Let r = -7862 - -7872. Let k(p) = p**2 - 2*p - 86. Calculate k(r).
-6
Suppose -6 = -5*d - 1, c - 5 = 2*d. Let v(k) = -3*k + 19. Let x be v(c). Let s(z) = -4*z - 1. What is s(x)?
7
Suppose -53*a + 56*a + 6 = 0. Let v(b) = -7*b**3 - 6*b**2 + 7*b + 2. Let f(m) = -12*m**3 - 11*m**2 + 12*m + 3. Let j(t) = -3*f(t) + 5*v(t). Calculate j(a).
7
Let g(o) = -4*o - 2. Let b(h) = h + 1. Let z(m) = -14*b(m) - 4*g(m). Suppose -4*t = -5*j + 36, -3*t = 13 - 1. Suppose -j + 28 = 6*w. What is z(w)?
2
Let p(x) be the second derivative of -x**5/5 + x**4/6 - x**2/2 + 1865*x. Let u(v) = -v**2 + 4*v - 4. Let j be u(3). Let k = j + 2. Determine p(k).
-3
Suppose 9*q - 1105 + 438 = -20*q. Let z(v) = 4*v - 90. Calculate z(q).
2
Suppose 0 = -w - 2*w - 18. Let d(o) = 7*o - 12*o + 6*o - 2784 + 2793. Determine d(w).
3
Let o be (-2)/(-7) + (111/(-21) - -5). Suppose o = -11*z - 2*z + 6*z. Let u(q) be the third derivative of -q**4/24 - 5*q**3/6 + q**2. What is u(z)?
-5
Let w(f) = -2*f**2 + 20*f + 2. Let g = 4936 + -4936. Determine w(g).
2
Let m(f) = -9*f - 45. Let r(x) = 22 + 20*x - 38*x + 23*x. Let y(l) = -3*m(l) - 5*r(l). What is y(-14)?
-3
Suppose 8*g - 23 = -35 - 36. Suppose -p = l - 0 + 1, -l - 4*p - 4 = 0. Let d(n) = l*n**2 - 7*n - 3*n**2 + 2*n**2 - 4. Determine d(g).
2
Let o(f) = -f**2 - 252*f - 999. Let y be o(-4). Let r(k) = -k**3 - 9*k**2 - 4*k - 6. What is r(y)?
-76
Let h(n) = -n**2 + 0*n**2 + 24 - 3*n**2 - n**3 + 4*n - 86 + 56. Suppose -100*c + 10 = -102*c. Give h(c).
-1
Let k be 1426/10 - (-4)/10. Let c be (-22)/k + (-2)/(-13). Let p(z) be the second derivative of -z**5/20 + z**4/12 + z**3/6 - 9*z**2 - 3*z. Calculate p(c).
-18
Let q(l) = 6*l**2 + l. Let j(y) = 6*y - 146. Let h(f) = -18*f + 439. Let d(r) = -3*h(r) - 8*j(r). Let v be d(25). Calculate q(v).
7
Let m(i) = 2*i**3 - 24*i**2 + 19*i + 18. Suppose 11*k - 1397 = -138*k + 22*k. Determine m(k).
-15
Let w(c) be the first derivative of -2 + 7*c**3 + 1/360*c**6 + 1/8*c**4 - 1/60*c**5 + 0*c + 0*c**2. Let y(s) be the third derivative of w(s). Calculate y(2).
3
Let k(c) = -c**3 - 13*c**2 + 16*c + 38. Let s(v) = v**3 + 13*v**2 - 16*v - 40. Let q(h) = -3*k(h) - 2*s(h). Let a be q(-14). Let r(j) = j**2 + j + 4. Give r(a).
34
Let k(n) = 175*n**2 + 45*n - 2. Let m(w) = 872*w**2 + 247*w - 11. Let g(p) = 11*k(p) - 2*m(p). Calculate g(-1).
180
Let s(r) = 2*r + 11. Let p(l) = -l**3 - 21*l**2 + 68*l - 17. Let x be p(-24). Let q = 87 - x. Determine s(q).
27
Suppose -3*j = 297 - 189. Let p = j - -39. Let k(u) be the second derivative of u**5/20 - u**4/3 + 5*u**3/6 - 2*u**2 - 2*u. Calculate k(p).
2
Suppose 10*t = 15*t + 150. Let a be 4/6*t/(-4). Let s(y) = y**3 - 4*y**2 - 8*y + 6. Calculate s(a).
-9
Let q(d) = -25*d + 220 - 223 - 55*d + 29*d. Give q(1).
-54
Let p(w) be the first derivative of 1/3*w**3 - 9/4*w**4 + 0*w**2 - w + 13. Let a be (-42)/63*(-3)/(-2). Calculate p(a).
9
Let m(b) be the third derivative of 0*b - 88*b**2 - 1/3*b**3 - 1/12*b**4 + 0. Determine m(2).
-6
Let m(t) = -64*t**3 + 92*t**2 - 1101. Let v(a) = 7*a**3 - 10*a**2 + 120. Let q(h) = -6*m(h) - 55*v(h). Let g = -5 + 3. Calculate q(g).
6
Suppose -9 = -2*o + b - 0, -6 = -o - b. Suppose -6 = 3*r + 3*l, -o*l + 6*l + 12 = 4*r. Let f(n) = 2*n**2 - 4*n + 2. Give f(r).
2
Let z(q) = -3*q - 1. Let w(g) = -g**2 + 4 - g**2 + 5*g**2 - 4*g**2 - 9*g. Let l(x) = w(x) - 5*z(x). Calculate l(7).
2
Let w(x) be the third derivative of x**6/120 - 11*x**5/60 - 13*x**3/6 + 1743*x**2. What is w(11)?
-13
Let g(t) = -36*t - 37*t + 121*t - 70 - 32*t - 24*t. Calculate g(-9).
2
Suppose 2*v = -5*a + 60, -5*a = -4*v - 414 + 354. Let d(w) = 2*w**2 - 28*w + 40. Determine d(a).
-8
Let s(d) = d**2 + 13*d + 53. Let b be s(-5). Let g(y) = -y + b + 11 - 25. What is g(-9)?
8
Let v(z) = 24*z. Let l(p) = 8*p. Let m(c) = -16*l(c) + 5*v(c). Suppose -2*g - 2 + 8 = 5*d, -g = d. Give m(d).
-16
Let w(f) = 5*f**3 + 3*f**2 + 2*f + 2. Let x be (-10)/2 + 4*246/4. Let y = x + -243. What is w(y)?
-30
Let n be 336/(-33) + 4/22. Let c(x) = 6*x + 31. Let i(t) = -32*t - 164. Let v(k) = 11*c(k) + 2*i(k). Calculate v(n).
-7
Suppose 3*z - 7 = v + 8, -3*z = 3*v - 3. Suppose z = -4*n + 3*g, 4*g - 7 - 3 = 3*n. Let i(l) = 8*l**2 + 3 + 6*l - 8*l**n + l**2. Give i(-2).
-5
Let z(l) = -7*l**3 + 7*l**2 - 9. Let x(s) = 19*s**3 - 21*s**2 + 26. Let r(m) = -3*x(m) - 8*z(m). Let j(o) = 2*o**3 + 2*o + 7. Let t be j(0). Determine r(t).
-6
Let o(h) = h**2 - h + 24. Let q(m) = m**2 + 4*m + 4. Suppose 0 = -6*g + 3*g + 4*x - 10, -1 = -x. Let s be q(g). Calculate o(s).
24
Let b(k) = -4*k**3 - 2038 - 2*k + 2041 + 8*k**3. What is b(2)?
31
Let o(b) = b**3 + 10*b + 5 + 4 + 9*b**2 - 1. Suppose 3*m + 177 = 474. Suppose 93 = -24*s - m. What is o(s)?
-8
Let i(f) = f**3 - 4*f**2 - 2*f - 3. Suppose 55*c = 4*j + 57*c, 0 = -4*j + 2*j - 3*c. Calculate i(j).
-3
Let x = 3079 + -3078. Let u(m) = 25*m - 1. What is u(x)?
24
Suppose -20*a + 257 - 267 = -30*a. Let j(s) = -28*s**2 + 22*s - 23. Give j(a).
-29
Let d(v) = v**2 - v + 2. Let w(u) = u**2 - 9*u - 1. Let i(y) = -2*d(y) + w(y). Let g be 1*(-1 + (-5 - 0)). Determine i(g).
1
Let y = -3 + 4. Let b(j) = j**2 - j + 1. Let z = -1500 - -1494. Let l(x) = x**2 - 4*x + 7. Let p(t) = y*l(t) + z*b(t). What is p(-1)?
-6
Let r(n) = -n**3 + 10*n**2 - 5*n - 23. Suppose -2531 - 746 = -387*c + 206. Calculate r(c).
13
Let v(w) = w**3 - 13*w**2 - 66*w + 857. Let m be v(13). Let s(b) = 8*b**3 + 2*b**2 + 5*b + 3. Calculate s(m).
-8
Let y(t) = -t**2 + 9*t + 1. Let u(j) = -2*j**3 + 21*j**2 + 23*j + 12. Let a be u(12). Let i be a/32*(1 - 3). Give y(i).
1
Suppose 47 = -y + 47. Let f(r) = -11*r - 7 + 10*r - 9 - 13 + r**2. Calculate f(y).
-29
Let b(s) be the first derivative of s**4/4 - 5*s**3/3 + 3*s**2/2 - 2*s - 11. Let d(k) = 2*k**2 - 4*k. Let r be d(4). Suppose -c - r = -5*c. Give b(c).
-6
Let x(j) = -j**2 + 16*j - 14. Let b = -11392 - -11409. Give x(b).
-31
Let d be 61 - (0 - (-6)/5*(-1680)/224). Let x(q) = 5*q - 361. Give x(d).
-11
Let o(x) = 17*x - 17. Let z = 6806 + -6799. Give o(z).
102
Let y(n) = -2*n**2 + n + 16. Let v be -6 + (-1)/(40/(-48))*(-3 + 8). What is y(v)?
16
Let r(f) = -f**2 + 34*f - 26. Let y = 9837 + -9804. What is r(y)?
7
Let j(r) = r**3 + 3*r**2 - 3*r + 1. Let h = -69 - -73. Let c be (-133)/(-28) + 1/h. Suppose -3*u + 2*i = -2*i + 16, 5*u + 25 = c*i. Calculate j(u).
-3
Let m = -2 - -7. Let j(n) be the second derivative of n**5/20 - 5*n**4/12 - n**3/3 + 3*n**2/2 + 1035*n - 4. Give j(m).
-7
Let i(f) = -f - 41. Suppose 4*p - 5*q = 24, -1 - 2 = -p + 2*q. Calculate i(p).
-52
Let n(h) = 7*h**3 - 2*h**2 - 2*h. Let j(g) = -49*g**3 + 13*g**2 + 16*g - 4. Let t(k) = -j(k) - 6*n(k). What is t(2)?
48
Let s(n) be the third derivative of n**5/60 - 23*n**4/24 + 17*n**3/6 + 2188*n**2. Give s(18).
-73
Let w = 10 + -17. Let s(m) = 83*m**2 - 27*m + 16. Let u(j) = -71*j**2 + 24*j - 14. Let z(h) = -6*s(h) - 7*u(h). Give z(w).
-5
Let x(q) = q**3 + q**2 - 4*q. Suppose 0 = -5*v + j - 8 - 12, -2*v = -3*j + 8. Let u(w) = 4*w**3 - 4*w**2 + 16*w - 1. Let s(l) = v*x(l) - u(l). What is s(1)?
-7
Let v(c) = 4*c**2 - 2*c**2 + 12*c - 10 + 25*c**3 - 29*c**3 - 6*c. What is v(3)?
-82
Let a(k) be the second derivative of -k**4/6 + 28*k**3/3 - 155*k**2/2 - 4937*k. Calculate a(25).
-5
Let d(x) = -x**2 - 8*x - 8. Let y = 4922 + -4931. Give d(y).
-17
Let j(v) = -7*v**2 - 6*v + 8. Let t(m) = -4*m**2 + 2